 c and 53664.
43
Let j be (-2)/(72/(-92)) - ((-1600)/90)/40. Let a be 1/(-3 - -1)*-14. Calculate the highest common divisor of j and a.
1
Let n be (-180)/(-54) + (2/3 - 1). Suppose -2*u = 4*o - 5 - 69, -56 = -n*u + 5*o. Let y = 8 - 5. Calculate the greatest common divisor of u and y.
3
Suppose 5*y - 96 = 4*r - 10, -2*y - 4*r + 68 = 0. Calculate the greatest common divisor of 946 and y.
22
Suppose -3*n - 875 = -8*n. Suppose 0 = 7*u - n + 7. Suppose -p - 7*p = -u. What is the highest common factor of p and 3?
3
Let h = 227 + -293. Let z be (-21)/6 + 2 + (-2607)/h. What is the highest common divisor of z and 646?
38
Suppose -7*x + 63 = 4*s, 0 = -s - 5*x + 10 - 4. Let g be 4 - (-1)/((-1)/(-2)). Calculate the greatest common divisor of g and s.
3
Let i = -43 + 274. Let j = -1381 - -1402. What is the greatest common divisor of i and j?
21
Let c(w) = -w**3 + 32*w**2 - 31*w + 2. Let z be c(31). Suppose 0 = -z*f + j - 21 + 83, -f = 3*j - 24. Calculate the highest common factor of 160 and f.
10
Let o be 13*(-3 + 82) - 1/(-2)*-14. What is the greatest common factor of 357 and o?
51
Let c(j) = j**2 + 2*j - 26. Let u be c(-6). Let h be ((-75)/10 - u)/(1/(-202)). Suppose -231 = 8*a - h. Calculate the greatest common factor of 5 and a.
5
Let p be 10/60 - (-158)/(-12). Let j be 51/2 + p/26. Let v = -202 + 207. What is the greatest common divisor of v and j?
5
Let s be 1/(-1) + (-2 - -2 - -4). Suppose s*c - 5*c + d + 66 = 0, -2*c - 2*d = -60. Calculate the highest common factor of 44 and c.
4
Let v(x) = 2*x**3 + 29*x**2 - 12*x - 28. Let u be v(-13). Suppose 373 = 24*h - u. What is the greatest common divisor of h and 42?
42
Let j be (-24)/(-60)*(-50)/(-2). Let p = j - -8. Suppose p = -2*a + 20. Calculate the highest common factor of 8 and a.
1
Let u = -44 + 80. Let s be (-94)/(-30) + -3 + (-96)/45. Let j = s - -11. What is the greatest common divisor of j and u?
9
Let n be (-90)/(((-30)/60)/(34/4)). What is the greatest common factor of n and 34?
34
Suppose 0 = 73*t - 69*t + 1012. Let m = 289 + t. Let b = 208 + 44. What is the greatest common divisor of b and m?
36
Suppose 61 = 2*f - 117. Let r = f - 125. Let t be r/(-45)*90/4. Calculate the highest common divisor of t and 27.
9
Let q be (10*(-6 + 5))/(-2). What is the greatest common factor of q and 117?
1
Let h be ((-16644)/(-9))/4 - 52/156. What is the highest common factor of h and 546?
42
Let t = 82 - 26. Let l = -18 - 48. Let i = l - -80. Calculate the greatest common factor of t and i.
14
Suppose -5*v + 890 = -5*g, 2*v + 4*g - 273 - 119 = 0. What is the highest common factor of v and 989?
23
Let u be (-2)/(-6) + (-70)/(-6). Suppose -23*j + 2014 = 1646. Calculate the greatest common divisor of j and u.
4
Let l be 5/((-5)/(-2)) + 26. Let h(n) = -220 - 9*n + 41*n - 915*n**2 - 916*n**2 + 1830*n**2 + 38. Let i be h(14). What is the highest common divisor of l and i?
14
Let w be (-20 - -36) + 0 + 29. Calculate the greatest common factor of 25 and w.
5
Let h = -3777 + 3783. Calculate the greatest common factor of h and 98.
2
Let u(b) = 3*b**2 - 103*b + 59. Let x = -215 + 249. Let v be u(x). Calculate the highest common factor of 200 and v.
25
Let z be 14*-3*(-7 + 4). Let c be -3 + -4 + 651*3/9. Calculate the highest common divisor of c and z.
42
Let j be (-15 + 18)/(7/175). Calculate the greatest common divisor of 4245 and j.
15
Let i(b) = -2*b**3 + 3*b**2 - 11*b + 16. Let n be i(5). Let q = n - -238. Calculate the greatest common divisor of q and 66.
6
Let v(m) = -2*m - 16. Let r be v(-9). Suppose r*g - 6 = -y, 4*g - 58 = -3*y + 6*g. What is the greatest common factor of 144 and y?
16
Let a be 28920/42 + -3 + (-48)/(-14). What is the greatest common factor of a and 371?
53
Suppose -45*b + 34104 = 4*b. What is the highest common divisor of 5394 and b?
174
Let f be (-7)/42 - 3577/(-6). Let d = -492 + f. What is the highest common factor of 130 and d?
26
Suppose -121*c - 682 = -5*g - 119*c, -432 = -3*g + 5*c. What is the greatest common divisor of 2881 and g?
67
Suppose -3*v = 3 - 9. Suppose p + 5 = -5*h, p + 12*h = 15*h + 3. Suppose p = -0*k + 4*k - 2*g - 124, v*g - 4 = 0. What is the greatest common factor of k and 8?
8
Suppose -246 - 626 = -55*s + 1768. Calculate the greatest common divisor of s and 312.
24
Let w(s) = -604*s - 10259. Let z be w(-17). Suppose 0 = 5*l - 10*l - 15, -l - 79 = 4*h. Let y = -10 - h. Calculate the greatest common divisor of z and y.
9
Suppose 48*k - 10870 = 2570. Calculate the greatest common divisor of k and 476.
28
Let k be (-4)/(-6) + (-13735)/123. Let x be (1 - 7)*(2 - k/(-6)). Calculate the greatest common divisor of x and 9.
9
Suppose 12*o - 59*o + 787 + 6639 = 0. Calculate the highest common factor of o and 14.
2
Let z(f) = 3*f**2 - 65*f + 231. Let p be z(27). Calculate the highest common factor of p and 195.
39
Let t(u) = -4*u - 2. Let h be t(-2). Let c be (-14)/4*(-258)/1204*32. What is the highest common factor of c and h?
6
Suppose 401*f + 180722 = 473*f - 63502. What is the greatest common factor of 176 and f?
16
Suppose 12647*r - 12650*r = -1365. What is the highest common factor of 26 and r?
13
Let d(z) = -6*z + 11. Let n be d(-7). Suppose 54 = n*w - 52*w. What is the greatest common factor of w and 117?
9
Let j(f) = f**3 - 8*f**2 + 15*f - 7. Let c be j(6). Suppose 1250 + 6219 = c*a. Suppose a = 5*h + 189. Calculate the greatest common factor of h and 14.
14
Suppose -5*y = 4*z + 4, -3*z - 6 = y - 3. Suppose 6*d + 116 = 7*d + 5*h, y = d - 5*h - 76. What is the highest common factor of 48 and d?
48
Let g be 18/33 - 52117/(-2321). Suppose 4*x = -5*n + 1856, 3*n - 742 - 374 = -3*x. What is the highest common divisor of g and n?
23
Suppose 0 = -80*k + 21*k + 8172 - 2390. Let c be 0 + 26 - 4/(-2). What is the highest common factor of k and c?
14
Let y = 1736 + -1285. What is the highest common factor of y and 492?
41
Let j = -159 - -559. Let f be 1/((1 - 2)*(-3)/48). Calculate the greatest common factor of f and j.
16
Suppose 2*v + 4*a - 2 = -0*v, v - 1 = -3*a. Let h be 3/(v/(-30)*-9). Let d(c) = 3*c - 25. Let s be d(h). What is the highest common divisor of s and 15?
5
Suppose 16646 = 12*x - 6*x + 8*x. What is the highest common factor of x and 574?
41
Let p(y) = -11*y**3 + 26*y**2 - 7*y + 5. Let z be p(2). What is the greatest common factor of z and 7091?
7
Let d = -145 - -337. Suppose -253 = -4*a - 4*w - 97, 0 = -5*a - 4*w + d. Calculate the highest common divisor of 9 and a.
9
Let f(v) = -v**3 + 7*v**2 - v + 15. Let i be f(7). Let s be 20/(-30)*(-2 + i). Let a be s*1 - (-22)/2. Calculate the greatest common factor of 14 and a.
7
Let b(o) = -o**2 + 6*o - 7. Let i be b(3). Suppose 4*s + 64 = i*m, 3*m - 11 - 77 = 2*s. Let q = 48 + -27. Calculate the greatest common factor of q and m.
7
Let u(n) = 37*n**2 - 1. Let w be u(-2). Let m be (-25)/3*1666/85*(-9)/6. Calculate the greatest common factor of m and w.
49
Let d be ((-57)/11 - 22/(-121)) + 8. Suppose -41 = -r + 5*t, 236 = 7*r - d*r + 4*t. Calculate the highest common factor of 448 and r.
56
Let n(t) = t**3 + 39*t**2 - 206*t + 120. Let f be n(-34). Calculate the greatest common factor of f and 8.
8
Let j be (-45)/(-18)*(-1230)/(-75). What is the greatest common divisor of j and 1394?
41
Suppose -85*g + 59229 = -82*g - 4*d, 2*d = 4*g - 78982. What is the highest common divisor of g and 31?
31
Suppose w = 2*w. Let c = 1047 - 1042. Suppose -127 + 21 = -5*n - 3*t, w = n + c*t - 30. Calculate the highest common factor of 10 and n.
10
Let u(j) = -73*j - 7114. Let g be u(-98). What is the highest common divisor of g and 4860?
20
Suppose -15*y - 11*y + 6820 = -15*y. Calculate the greatest common divisor of 20 and y.
20
Let q(d) = d**3 + 46*d**2 - 131*d - 9. Let i be q(-31). What is the greatest common divisor of i and 59?
59
Let g(x) = 15*x + 206. Let u be g(-13). Let c be (217 - -3)*-3*(-20)/48. Calculate the greatest common divisor of u and c.
11
Let a be 2 + (1981 - (-143)/13). What is the greatest common factor of 4 and a?
2
Let g(k) be the second derivative of 0 - 5/6*k**3 + 21*k - 2*k**2. Let u be g(-1). What is the greatest common divisor of 5 and u?
1
Suppose -184205 = 7*i - 67*i + 51415. Calculate the greatest common divisor of i and 1155.
231
Let p(w) = 112*w + 8. Let b be p(1). Let h = 144 - b. What is the greatest